late the greatest common divisor of 8820096 and 11400.
24
What is the greatest common divisor of 14198 and 2168382451?
7099
What is the greatest common factor of 121 and 525811?
11
Calculate the highest common divisor of 12598630 and 22.
22
What is the highest common divisor of 3255460 and 29887?
247
Calculate the highest common factor of 6136777 and 58.
29
Calculate the greatest common divisor of 45979484 and 46.
46
Calculate the greatest common divisor of 31363 and 3787777.
397
What is the highest common factor of 3420 and 22523265?
855
What is the greatest common factor of 5467319 and 5746?
2873
Calculate the greatest common factor of 1351401 and 21138988.
10987
What is the highest common divisor of 2908053 and 18?
9
Calculate the highest common factor of 117225 and 18308982.
1563
Calculate the highest common factor of 6383133 and 342.
9
Calculate the greatest common divisor of 10 and 9768712.
2
What is the highest common divisor of 291248 and 27686?
218
Calculate the greatest common factor of 306434340 and 6837.
6837
Calculate the highest common divisor of 114939969 and 30.
3
What is the highest common divisor of 46391168 and 24?
8
What is the highest common factor of 29397800 and 200?
200
Calculate the greatest common divisor of 4002 and 50373957.
87
Calculate the greatest common divisor of 3440 and 5434469.
43
Calculate the highest common factor of 542736 and 466848.
144
What is the highest common factor of 3819 and 714729669?
3819
Calculate the highest common divisor of 974020 and 274040.
620
What is the highest common divisor of 35030 and 349057?
113
What is the highest common divisor of 11346 and 413145680?
3782
What is the greatest common factor of 79222 and 544973?
143
Calculate the highest common factor of 39588770 and 928.
58
What is the greatest common divisor of 68704 and 227921?
113
Calculate the highest common divisor of 228 and 4780476.
228
What is the greatest common factor of 1258 and 108880714?
74
What is the highest common factor of 30 and 1674870?
30
Calculate the greatest common divisor of 2055390 and 1422660.
3930
What is the highest common factor of 7288853 and 572?
143
What is the highest common divisor of 6615840 and 649440?
5280
Calculate the greatest common divisor of 336 and 549152.
16
What is the highest common divisor of 47367 and 6008130?
2493
What is the greatest common divisor of 335 and 460885?
5
Calculate the highest common factor of 2319219 and 882.
441
What is the highest common factor of 931052 and 2665731?
1699
What is the greatest common factor of 302658883 and 109?
109
What is the greatest common divisor of 569326 and 7102?
106
What is the highest common factor of 3089204 and 148?
148
What is the highest common divisor of 26086463 and 13?
13
What is the highest common factor of 306 and 15109566?
102
What is the highest common divisor of 448 and 1333133312?
448
Calculate the greatest common factor of 16080 and 9005939.
67
Calculate the greatest common divisor of 18177642 and 966.
42
Calculate the greatest common factor of 37020 and 350.
10
What is the greatest common factor of 4 and 15039100?
4
What is the greatest common divisor of 63016129 and 77?
11
Calculate the greatest common factor of 727467 and 73307.
13
What is the greatest common factor of 4214178 and 126?
18
Calculate the greatest common divisor of 141457720 and 1060.
20
What is the greatest common divisor of 246 and 60042819?
123
What is the highest common divisor of 4902 and 824585028?
4902
Calculate the greatest common divisor of 349462463 and 1229.
1229
What is the highest common divisor of 44100 and 26625?
75
What is the greatest common factor of 224310519 and 27?
27
What is the highest common factor of 1480 and 117827240?
1480
What is the greatest common divisor of 568365 and 2037?
21
Calculate the highest common divisor of 161 and 14582659.
7
Calculate the greatest common factor of 38336535 and 16140.
4035
Calculate the highest common divisor of 144 and 1862488.
8
Calculate the greatest common factor of 39858768 and 250416.
5328
What is the greatest common factor of 293246480 and 10?
10
Calculate the highest common factor of 2087017 and 418.
19
What is the greatest common factor of 3648 and 147687?
57
What is the greatest common factor of 207 and 110787205?
23
Calculate the highest common factor of 16209141 and 1027.
1027
Calculate the highest common factor of 48048 and 922869948.
12012
Calculate the greatest common factor of 1496 and 278069.
187
Calculate the highest common factor of 32625 and 36130375.
3625
What is the greatest common divisor of 183568 and 27944?
56
What is the greatest common divisor of 27451 and 14356?
97
Calculate the greatest common factor of 13 and 6600841.
13
Calculate the highest common divisor of 10567395 and 675.
135
What is the highest common factor of 3268 and 12825266?
1634
What is the greatest common divisor of 27900 and 224316?
1116
Calculate the highest common factor of 15486 and 1428366.
174
What is the highest common factor of 2454342 and 794662?
902
Calculate the greatest common divisor of 2572800 and 10.
10
Calculate the greatest common divisor of 489887300 and 952.
476
What is the greatest common divisor of 41 and 63193?
1
Calculate the greatest common factor of 15732 and 10626092.
1748
What is the highest common divisor of 32818640 and 60?
20
What is the highest common divisor of 8789868 and 1776?
444
What is the greatest common divisor of 220464324 and 36?
36
Calculate the greatest common factor of 1987780476 and 10494.
3498
What is the highest common divisor of 3745 and 508662?
7
What is the greatest common divisor of 961486 and 1598?
34
What is the highest common divisor of 40492 and 510352?
764
What is the highest common factor of 2132 and 3174015?
533
What is the greatest common factor of 360 and 67762140?
60
What is the highest common factor of 645500 and 21625?
125
Calculate the highest common factor of 952138425 and 525.
525
Calculate the highest common divisor of 180 and 3089952.
36
What is the greatest common divisor of 7319 and 2899?
13
What is the highest common divisor of 23296 and 363272?
728
What is the highest common divisor of 4268 and 68948?
44
What is the greatest common factor of 32437 and 8639?
163
Calculate the greatest common divisor of 6372 and 6667236.
2124
What is the greatest common divisor of 19614 and 315?
21
What is the highest common factor of 30537 and 2708397?
2349
What is the highest common factor of 39052 and 3014128?
52
Calculate the greatest common factor of 10088 and 1061866.
26
Calculate the greatest common factor of 703948138 and 95.
19
Calculate the highest common divisor of 5304 and 26762658.
1326
What is the highest common divisor of 1163620 and 227030?
730
What is the highest common divisor of 2850 and 139960650?
2850
What is the greatest common divisor of 46794408 and 3?
3
What is the greatest common divisor of 18486566 and 7014?
2338
What is the highest common divisor of 12928071 and 65?
13
Calculate the greatest common factor of 4830 and 1740550.
70
Calculate the highest common factor of 245788733 and 2248.
281
Calculate the greatest common divisor of 1656 and 36306.
18
Calculate the highest common divisor of 81543 and 34375.
11
Calculate the greatest common factor of 5208 and 17455728.
744
What is the greatest common divisor of 714 and 9817374?
42
What is the greatest common divisor of 5641890 and 120?
30
What is the highest common divisor of 381250900 and 1892?
172
Calculate the greatest common divisor of 640188 and 15588.
36
Calculate the highest common factor of 920865750 and 25.
25
What is the highest common factor of 11774583 and 36?
9
Calculate the greatest common divisor of 11350 and 2586625275.
5675
What is the greatest common factor of 4974 and 51850634?
1658
What is the highest common divisor of 464515 and 5185?
305
Calculate the greatest common divisor of 3783 and 129083526.
3783
What is the greatest common divisor of 2304288 and 280924?
3556
What is the greatest common divisor of 19 and 28531901?
19
What is the highest common divisor of 10498914 and 522?
18
Calculate the highest common divisor of 200490 and 8610.
1230
What is the highest common factor of 7 and 28431424?
7
What is the highest common factor of 1346399 and 4?
1
Calcu